n divisor of 40 and 200?
40
What is the greatest common divisor of 9 and 1143?
9
What is the greatest common divisor of 8 and 3496?
8
Calculate the greatest common factor of 1612 and 39.
13
What is the highest common divisor of 472 and 16?
8
Calculate the highest common divisor of 9035 and 26.
13
What is the highest common factor of 1817 and 115?
23
Calculate the highest common divisor of 4209 and 276.
69
Calculate the highest common divisor of 792 and 936.
72
What is the greatest common divisor of 69 and 99?
3
Calculate the highest common factor of 1584 and 288.
144
What is the greatest common divisor of 124 and 8?
4
Calculate the greatest common divisor of 152 and 57.
19
Calculate the highest common factor of 30 and 190.
10
Calculate the greatest common divisor of 4867 and 62.
31
Calculate the greatest common factor of 871 and 670.
67
Calculate the greatest common divisor of 110 and 385.
55
What is the highest common factor of 8162 and 154?
154
Calculate the highest common divisor of 506 and 22.
22
Calculate the highest common factor of 4 and 14.
2
Calculate the greatest common divisor of 282 and 2209.
47
Calculate the greatest common divisor of 55 and 935.
55
Calculate the highest common factor of 44 and 506.
22
Calculate the greatest common divisor of 166 and 1909.
83
What is the greatest common divisor of 904 and 791?
113
What is the greatest common factor of 37 and 481?
37
What is the greatest common divisor of 133 and 1045?
19
What is the greatest common factor of 98 and 56?
14
Calculate the greatest common factor of 60 and 9528.
12
What is the highest common divisor of 261 and 696?
87
Calculate the greatest common factor of 416 and 936.
104
Calculate the greatest common divisor of 126 and 6381.
9
Calculate the highest common divisor of 10 and 220.
10
What is the highest common factor of 480 and 624?
48
Calculate the highest common factor of 147 and 2107.
49
Calculate the greatest common divisor of 271 and 1.
1
What is the highest common divisor of 75 and 3?
3
Calculate the greatest common factor of 4263 and 735.
147
Calculate the greatest common factor of 114 and 285.
57
What is the greatest common divisor of 2937 and 231?
33
What is the highest common divisor of 13 and 416?
13
Calculate the greatest common factor of 10 and 670.
10
What is the highest common factor of 70 and 1460?
10
What is the greatest common divisor of 1945 and 1?
1
Calculate the highest common divisor of 198 and 550.
22
What is the greatest common divisor of 2330 and 10?
10
Calculate the highest common divisor of 63 and 4977.
63
Calculate the greatest common factor of 645 and 165.
15
Calculate the highest common factor of 85 and 54995.
85
What is the greatest common divisor of 70 and 476?
14
Calculate the highest common divisor of 106 and 74.
2
What is the highest common divisor of 646 and 170?
34
Calculate the greatest common factor of 84 and 651.
21
Calculate the greatest common factor of 1130 and 10.
10
What is the highest common divisor of 119 and 17?
17
What is the highest common factor of 46 and 299?
23
What is the highest common factor of 126 and 5866?
14
Calculate the greatest common factor of 144 and 324.
36
Calculate the highest common divisor of 6 and 246.
6
Calculate the greatest common factor of 252 and 1728.
36
Calculate the greatest common divisor of 490 and 105.
35
What is the highest common divisor of 39 and 3159?
39
Calculate the greatest common divisor of 18 and 288.
18
What is the highest common divisor of 9 and 8247?
3
What is the greatest common factor of 300 and 120?
60
Calculate the greatest common factor of 1962 and 1526.
218
What is the highest common factor of 391 and 437?
23
Calculate the greatest common divisor of 93 and 248.
31
Calculate the greatest common divisor of 44 and 33902.
22
Calculate the highest common divisor of 12 and 354.
6
Calculate the highest common factor of 3036 and 726.
66
What is the highest common factor of 609 and 21?
21
What is the greatest common factor of 80 and 1584?
16
Calculate the highest common factor of 62 and 62.
62
Calculate the highest common divisor of 54 and 68.
2
Calculate the highest common divisor of 42 and 28.
14
What is the highest common divisor of 48 and 128?
16
Calculate the greatest common factor of 1205 and 10.
5
What is the greatest common divisor of 1140 and 1380?
60
What is the greatest common factor of 5 and 715?
5
Calculate the greatest common divisor of 795 and 15.
15
Calculate the greatest common divisor of 7182 and 567.
189
Calculate the greatest common factor of 154 and 42.
14
Calculate the highest common divisor of 424 and 159.
53
What is the greatest common factor of 2343 and 99?
33
What is the highest common divisor of 360 and 24?
24
What is the highest common factor of 305 and 5?
5
Calculate the highest common factor of 140 and 8610.
70
Calculate the greatest common divisor of 98 and 392.
98
What is the highest common divisor of 20096 and 157?
157
What is the greatest common factor of 129 and 35733?
129
Calculate the highest common divisor of 348 and 96.
12
Calculate the highest common divisor of 828 and 1978.
46
What is the highest common divisor of 2 and 16?
2
What is the highest common divisor of 4815 and 240?
15
Calculate the greatest common factor of 12551 and 539.
77
Calculate the highest common factor of 5 and 395.
5
What is the greatest common divisor of 195 and 78?
39
Calculate the highest common divisor of 183 and 3.
3
What is the highest common factor of 12 and 8376?
12
What is the greatest common factor of 8 and 8?
8
Calculate the greatest common divisor of 5376 and 63.
21
Calculate the greatest common factor of 2266 and 4738.
206
What is the greatest common factor of 39 and 3939?
39
Calculate the highest common divisor of 1488 and 48.
48
Calculate the greatest common divisor of 13 and 7631.
13
Calculate the highest common factor of 96 and 456.
24
What is the highest common divisor of 795 and 30?
15
Calculate the greatest common divisor of 9 and 36657.
9
What is the highest common factor of 26 and 754?
26
Calculate the greatest common divisor of 78 and 40794.
78
Calculate the highest common divisor of 9964 and 1316.
188
Calculate the highest common factor of 22 and 10483.
11
What is the highest common factor of 1012 and 92?
92
Calculate the highest common divisor of 112 and 42.
14
What is the highest common divisor of 63 and 477?
9
What is the greatest common divisor of 21675 and 75?
75
What is the highest common divisor of 704 and 44?
44
What is the highest common factor of 13842 and 18?
18
What is the highest common factor of 420 and 735?
105
Calculate the greatest common factor of 119 and 85.
17
Calculate the highest common divisor of 275 and 11.
11
Calculate the greatest common divisor of 133 and 152.
19
Calculate the greatest common divisor of 129 and 86.
43
What is the highest common divisor of 21 and 2289?
21
Calculate the greatest common divisor of 9 and 1.
1
What is the greatest common divisor of 165 and 75?
15
Calculate the highest common factor of 13 and 1339.
13
What is the highest common factor of 484 and 132?
44
Calculate the highest common factor of 51 and 51.
51
What is the highest common divisor of 92 and 322?
46
Calculate the highest common divisor of 2718 and 18.
18
Calculate the greatest common factor of 184 and 10580.
92
What is the greatest common factor of 20 and 250?
10
Calculate the greatest common divisor of 2463 and 3.
3
Calculate the greatest common factor of 230 and 414.
46
Calculate the greatest common factor of 22 and 11.
11
Calculate the greatest common factor of 238 and 3502.
34
What is the greatest common divisor of 180 and 108?
36
Calculate the highest common factor of 1591 and 37.
37
What is the highest common factor of 168 and 744?
24
What is the greatest common divisor of 156 and 72?
12
Calculate the greatest common divisor of 230 and 2415.
115
Calculate the highest common divisor of 18792 and 9.
9
What is the greatest common factor of 108 and 6624?
36
What is the greatest common factor of 338 and 104?
26
What is the greatest common divisor of 3318 and 63?
21
Calculate the greatest common factor of 25 and 1075.
25
Calculate the greatest common factor of 71 and 1349.
71
What is the highest common factor of 115 and 135?
5
Ca